.
7, 8163241
What are the prime factors of 264759651?
3, 13, 754301
List the prime factors of 608972020.
2, 5, 43, 439, 1613
List the prime factors of 113871078.
2, 3, 71, 89101
What are the prime factors of 308917317?
3, 757, 136027
List the prime factors of 32326344.
2, 3, 103, 1453
List the prime factors of 131527516.
2, 32881879
What are the prime factors of 547629251?
13, 41, 173, 5939
What are the prime factors of 27389899?
2203, 12433
What are the prime factors of 2966173510?
2, 5, 296617351
List the prime factors of 4962060704.
2, 3989, 38873
What are the prime factors of 752445339?
3, 29, 8648797
What are the prime factors of 136053735?
3, 5, 449, 20201
List the prime factors of 954242658.
2, 3, 997, 53173
List the prime factors of 120238456.
2, 13, 37, 31247
What are the prime factors of 3134940151?
7, 2693, 166301
List the prime factors of 2864510119.
29, 5521, 17891
List the prime factors of 3615780.
2, 3, 5, 7, 8609
What are the prime factors of 2597154173?
1381, 1880633
What are the prime factors of 1365039056?
2, 85314941
What are the prime factors of 13259492?
2, 19, 174467
What are the prime factors of 25384435?
5, 197, 25771
List the prime factors of 1021921760.
2, 5, 439, 14549
List the prime factors of 2388199688.
2, 7, 617, 69119
What are the prime factors of 2105360348?
2, 7, 13, 2143, 2699
List the prime factors of 662141196.
2, 3, 37, 165701
List the prime factors of 132476120.
2, 5, 7, 43, 11003
List the prime factors of 186157494.
2, 3, 179, 19259
List the prime factors of 1655462066.
2, 37, 22371109
List the prime factors of 281863613.
19, 2687, 5521
What are the prime factors of 132516189?
3, 13, 223, 1693
What are the prime factors of 569748327?
3, 189916109
What are the prime factors of 1504719073?
11, 13, 10522511
What are the prime factors of 3174765893?
13, 31, 605987
List the prime factors of 74563068.
2, 3, 19, 157, 2083
What are the prime factors of 44699732?
2, 7, 11, 17, 8537
List the prime factors of 389890711.
7, 61, 109, 8377
List the prime factors of 203264219.
29, 7009111
What are the prime factors of 1762604359?
1762604359
What are the prime factors of 1203428019?
3, 401142673
What are the prime factors of 2584559139?
3, 14923, 57731
List the prime factors of 135526499.
17, 7972147
List the prime factors of 677895104.
2, 31, 341681
List the prime factors of 2911950683.
31, 89, 1055437
List the prime factors of 3749533891.
19, 9371, 21059
List the prime factors of 197734466.
2, 7621, 12973
What are the prime factors of 392782028?
2, 31, 3167597
List the prime factors of 82246986.
2, 3, 17, 268781
What are the prime factors of 23102335?
5, 59, 71, 1103
What are the prime factors of 550303249?
550303249
What are the prime factors of 28579142?
2, 17, 239, 3517
List the prime factors of 5589152493.
3, 167, 11155993
What are the prime factors of 2148416945?
5, 429683389
What are the prime factors of 577864998?
2, 3, 59, 544129
What are the prime factors of 95396043?
3, 31798681
List the prime factors of 22410823.
19, 29, 89, 457
List the prime factors of 863084576.
2, 19, 74713
What are the prime factors of 13845212?
2, 113, 30631
What are the prime factors of 37851463?
13, 2911651
List the prime factors of 6985590012.
2, 3, 359, 6673
List the prime factors of 327176968.
2, 17, 317, 7589
List the prime factors of 184701959.
13, 1092911
List the prime factors of 4554074.
2, 7, 227, 1433
What are the prime factors of 6085010900?
2, 5, 41, 229, 6481
What are the prime factors of 34575680?
2, 5, 167, 647
List the prime factors of 252410288.
2, 13, 17, 19
What are the prime factors of 38402437?
38402437
List the prime factors of 4868408234.
2, 29, 83938073
What are the prime factors of 156987702?
2, 3, 8721539
List the prime factors of 520377770.
2, 5, 11, 4730707
List the prime factors of 466826367.
3, 7, 22229827
List the prime factors of 322803222.
2, 3, 7, 7685791
What are the prime factors of 1796653272?
2, 3, 3697, 20249
List the prime factors of 62661068.
2, 59, 265513
List the prime factors of 223802759.
223802759
What are the prime factors of 420457245?
3, 5, 13, 463, 4657
List the prime factors of 323983280.
2, 5, 17, 238223
What are the prime factors of 881570?
2, 5, 199, 443
List the prime factors of 2688795540.
2, 3, 5, 31, 160621
List the prime factors of 458558655.
3, 5, 61, 501157
What are the prime factors of 960854824?
2, 17, 293, 24113
What are the prime factors of 53019304?
2, 13, 509801
What are the prime factors of 76310939?
43, 47, 61, 619
What are the prime factors of 446602946?
2, 269, 830117
What are the prime factors of 2345458875?
3, 5, 523, 11959
What are the prime factors of 1271296945?
5, 254259389
List the prime factors of 104940248.
2, 7, 1051, 1783
List the prime factors of 787319328.
2, 3, 179, 45817
List the prime factors of 665734127.
17, 43, 71, 101, 127
What are the prime factors of 13570006?
2, 6785003
What are the prime factors of 1447806950?
2, 5, 31, 934069
What are the prime factors of 21012743?
21012743
List the prime factors of 1095978423.
3, 17, 107, 1877
What are the prime factors of 1603236774?
2, 3, 15377, 17377
What are the prime factors of 120552154?
2, 23, 181, 14479
What are the prime factors of 102766505?
5, 20553301
What are the prime factors of 218437725?
3, 5, 11, 149, 1777
List the prime factors of 447547192.
2, 55943399
What are the prime factors of 768971484?
2, 3, 21360319
List the prime factors of 95669233.
11, 67, 271, 479
List the prime factors of 1250416197.
3, 73, 211469
What are the prime factors of 57982915?
5, 11596583
What are the prime factors of 73037972?
2, 7, 23, 4931
List the prime factors of 5711636.
2, 7, 23, 181
What are the prime factors of 8008640674?
2, 1601, 2501137
List the prime factors of 202833882.
2, 3, 1109, 1129
List the prime factors of 16587062.
2, 701, 11831
What are the prime factors of 2639926066?
2, 25261, 52253
What are the prime factors of 67371295?
5, 13474259
List the prime factors of 5029282.
2, 47, 53503
List the prime factors of 57251207.
13, 4403939
List the prime factors of 31543811.
13, 43, 73, 773
List the prime factors of 18517236.
2, 3, 1543103
List the prime factors of 685966048.
2, 17, 113, 11159
What are the prime factors of 62821426?
2, 17, 1847689
List the prime factors of 3489051945.
3, 5, 613, 379451
List the prime factors of 8676430.
2, 5, 7, 17707
List the prime factors of 643270972.
2, 160817743
What are the prime factors of 102702038?
2, 23, 2232653
What are the prime factors of 3850660845?
3, 5, 379, 225779
What are the prime factors of 62113277?
4243, 14639
What are the prime factors of 178368159?
3, 97, 131, 4679
List the prime factors of 279974475.
3, 5, 11, 12569
List the prime factors of 337459960.
2, 5, 8436499
What are the prime factors of 495376946?
2, 241, 1027753
What are the prime factors of 63628321?
19, 821, 4079
List the prime factors of 1017124979.
13, 47, 128053
What are the prime factors of 63613540?
2, 5, 3180677
What are the prime factors of 54743078?
2, 13, 2105503
What are the prime factors of 89645336?
2, 11, 1018697
List the prime factors of 82201880.
2, 5, 101, 20347
What are the prime factors of 25586671?
11, 29, 80209
List the prime factors of 185675003.
17, 10922059
List the prime factors of 80369734.
2, 19, 389, 5437
List the prime factors of 365180580.
2, 3, 5, 2028781
What are the prime factors of 2059951808?
2, 43, 191, 3919
List the prime factors of 3251345104.
2, 7, 37, 761, 1031
What are the prime factors of 14168683?
1427, 9929
List the prime factors of 13646487.
3, 313, 14533
List the prime factors of 49109322.
2, 3, 8184887
List the prime factors of 35561881.
35561881
List the prime factors of 73614506.
2, 7, 5258179
List the prime factors of 3862257618.
2, 3, 47, 13695949
What are the prime factors of 823115461?
7, 743, 158261
What are the prime factors of 136429098?
2, 3, 13, 1749091
What are the prime factors of 674517729?
3, 7853, 28631
List the prime factors of 26063561.
89, 292849
What are the prime factors of 353177090?
2, 5, 7, 1669, 3023
What are the prime factors of 57335976?
2, 3, 223, 3571
What are the prime factors of 29224205?
5, 617, 9473
What are the prime factors of 153446696?
2, 13, 37, 39877
List the prime factors of 119232857.
61, 